-45*f = -30*f + 389219 - 2795354. Is f a prime number?
True
Let d = -11 + 11. Let m(k) = -5*k**3 - k**2 + 23*k - 673. Let c(s) = 4*s**3 + s**2 - 19*s + 672. Let v(f) = 6*c(f) + 5*m(f). Is v(d) a prime number?
False
Let v(d) = 6*d**2 + 59*d + 152. Let m(z) = 3*z**2 + 30*z + 74. Let i(h) = 13*m(h) - 6*v(h). Is i(17) a prime number?
False
Let z(v) = 79*v + 1035953. Is z(0) a prime number?
True
Let f(u) = 2003*u. Let z be f(5). Let h = 435 - 421. Suppose z = h*t - 14695. Is t composite?
True
Suppose -6*f - 1292 = 1852. Let d = f + 1071. Let m = 990 - d. Is m prime?
True
Let g = 548 + -995. Let a = g - -5068. Is a composite?
False
Suppose -12156557 = -12*s - 4*s - 4732893. Is s a prime number?
False
Let u(f) be the third derivative of 15*f**2 + 0*f**5 + 0*f**4 + 0 + 0*f + 3389/6*f**3 - 1/120*f**6. Is u(0) a prime number?
True
Let m(t) = 552*t**2 - t - 4. Let h(z) = -1104*z**2 + 3*z + 8. Let o(j) = 4*h(j) + 9*m(j). Is o(5) composite?
True
Suppose 3*d - 20 = -2*d. Suppose 5*s - 2*v = 0, d*v - 3 - 17 = 0. Is (1/s)/((-6)/(-16788)) composite?
False
Let u(b) be the second derivative of -b**5/20 - 7*b**4/12 - 7*b**3/6 - 8*b**2 - 3*b + 3. Let l = 5 + -12. Is u(l) a composite number?
True
Let t(f) = 66*f**3 + f**2 + 5*f - 23. Let v(r) = -66*r**3 - 2*r**2 - 5*r + 23. Let k(u) = -7*t(u) - 6*v(u). Is k(-6) a composite number?
False
Let k(a) = 1503*a - 4. Let w(l) = l + 1. Let d(n) = -k(n) - 2*w(n). Suppose -f + 3*q = -11, 7 = -f - q + 2. Is d(f) composite?
True
Suppose 4365 = 4*z - 13291. Let c = -2021 + z. Is c a composite number?
False
Let h(i) = -2531*i + 153. Let t be h(-19). Suppose b = a - 9652, -a - 4*a + t = b. Is a composite?
False
Suppose 0 = -5*t + 6*t - 2, 4*n = -3*t + 1538. Let r = n - 172. Is r prime?
True
Suppose 4*q = -4*g + 7*q + 15, 0 = -3*g - 4*q - 20. Suppose -3*r - 17 + 23 = g. Is r a prime number?
True
Suppose -4*c = 6*c + 960. Let a be (-26376)/c - (3/(-4))/3. Suppose -a + 6 = -m + 2*r, 0 = -5*r - 25. Is m a prime number?
False
Suppose 282880 = 4*v - 4*d, -2*v = 3*d + 2*d - 141405. Is v a composite number?
True
Let d = -54849 - -110050. Suppose -5534 - d = -15*b. Is b a prime number?
True
Suppose 16*k - 7340577 - 31699908 = -17*k. Is k prime?
False
Let k(j) = j**3 - 3*j**2 + 3*j + 29071. Let b(a) = 12*a - 24. Let l be b(2). Is k(l) composite?
True
Let m(p) = p**2 - 6*p + 8. Let g be m(4). Suppose 8*w - 69 + 229 = g. Let j = -11 - w. Is j composite?
True
Suppose -15061574 = -932*v + 910*v. Is v a composite number?
False
Suppose 0 = 17*c - 5*c - 144. Is 51/c*(690 - -2) composite?
True
Let w = -613 - -1626. Let p be (-5776)/(-4) + (-4)/(-2). Let n = w + p. Is n composite?
False
Suppose 81*o = 10304371 + 25431128. Is o composite?
False
Let w(u) = u**2 - 8*u - 11. Let b be w(-7). Let j = -140 + b. Let v = 179 + j. Is v a prime number?
False
Let z be -3*((-14)/(-3) - 4). Let d(y) = 1098*y**2 + 5*y + 9. Is d(z) a composite number?
False
Suppose -1803703 = 605*g - 616*g. Is g a prime number?
True
Suppose 0 = 2*m - 3*s - 3, -2*m + 6*m - 2*s - 10 = 0. Suppose p = 5*h + 3119, -4*h = -m*p + 6519 + 2816. Is p a composite number?
False
Let j = -65451 - -99045. Suppose 14*l - 17*l + j = -k, -5*l + 55982 = k. Is l a composite number?
False
Suppose 5*w - 5*m = 281 - 1, -2*w + 5*m = -112. Suppose 2*k - w = 4*k. Let q = 326 + k. Is q a prime number?
False
Let z = -111 - -168. Is (-94)/(-6 - (-336)/z) a prime number?
False
Suppose -2*b = 3*p + b + 339, -4*b = 2*p + 224. Let j = 120 + p. Is 4/(-14) + (20634/7)/j a composite number?
False
Is (17*(-14)/(-952))/(((-15)/(-7550916))/5) prime?
True
Is (0 + 3)/27 - 1511646/(-27) composite?
False
Let g(h) = -11*h + 10. Let r be g(5). Let a be r/(-105) + 37426/7. Suppose -3*w - 4*l = -a, -7*l + 2*l + 8910 = 5*w. Is w a composite number?
True
Let w(p) = -182*p**3 - 3*p + 4. Let h be w(2). Let b = h - -3099. Suppose 209 = -4*i + b. Is i a prime number?
False
Let y = -9816 + 4788. Let p = y + 12346. Is p a prime number?
False
Suppose 152*j - 151*j = 4*w - 5923953, -j + 5923943 = 4*w. Is w a prime number?
False
Suppose -4*x - 3*p + 20 = 0, -3*p + 3 = -3*x + 18. Suppose -x*b + 140 = -12*b. Is (-4014)/15*b/8 a prime number?
False
Suppose -t - 5*b + 55082 = -b, -4*t + b + 220277 = 0. Suppose -5*a + 17135 = -t. Is a a composite number?
True
Suppose 0 = -39*z + 43*z - 16. Suppose -k = -p - z*p - 17, -5*p = 3*k + 29. Is (-2452)/(-6)*k/(-2) a prime number?
True
Let p(a) = a**2 - 24*a + 81. Let x be p(20). Suppose 3*y - 3*t - 21094 = 2*t, -x = -t. Is y composite?
True
Let r = 33682 + 7915. Is r a composite number?
False
Let i = 169 - 172. Is ((-207340)/(-15))/14*i/(-2) a prime number?
True
Let g = -1211 + 1217. Let b = 517 + -137. Is b + (-1)/2*g composite?
True
Suppose -3*f + 2*h + 9470 = 0, -6*h = 3*f - 7*h - 9475. Is 1/((1 - f/3161)/1) a composite number?
True
Suppose 6*i - p - 7 = 3*i, 4*p - 6 = -5*i. Suppose 827 = 5*s - i*q - 511, -2*q = -4*s + 1072. Suppose 5*z - 24*z + s = 0. Is z prime?
False
Let l(p) = -p**3 + 10*p**2 - 8*p + 6. Let u be l(10). Let g = 859 + u. Is g prime?
False
Let p be (-1 + -5 - -8) + 17. Suppose -p*k = -5*k - 89306. Is k a prime number?
True
Let s(v) = 1 + 78 + 181*v - 67*v. Is s(7) a composite number?
False
Let m be ((4 + -3)/3)/((-2)/(-4596)). Let o = 2371 + m. Is o composite?
False
Let c be 0 - (50/16 - 1/8). Is (c + -5 + 6)/4*-166206 prime?
False
Let z = 471241 - 107172. Is z a composite number?
False
Let i(g) = 530*g**2 + 8*g + 637. Is i(-21) prime?
False
Let i(o) = -5236*o + 4581. Is i(-44) a composite number?
True
Let l(z) = -8496*z + 637. Is l(-15) prime?
False
Suppose 18*r = 51*r + 25*r - 22939522. Is r composite?
False
Let j be 3/3 + (-8 - -2532). Let n = j - -828. Is n composite?
True
Let v(z) = 3052*z - 5179. Is v(60) prime?
False
Let g(f) = 3*f**3 - 4*f**2 - 3*f + 2. Let p be g(2). Suppose 9142 = 2*i + 3*n, -p*n + 7644 = 3*i - 6070. Is i composite?
True
Suppose 124*d - 309054944 = -228*d. Is d a composite number?
False
Suppose -3*s + 6741 + 20544 = 6*f, 3*f + 2*s - 13643 = 0. Is f prime?
True
Suppose 0 = -5*k - 3*t + 1180832, k + 1460*t = 1464*t + 236171. Is k a prime number?
True
Suppose 55*s - 78*s - 4370 = 0. Suppose 2*f - 1378 = 4*o, -2*f - 4*o = -9*o - 1382. Let g = f + s. Is g a composite number?
False
Let w be ((-22)/(-33))/((1 - -1)/(-12)). Let g be 1 - (23 + 2 + w). Is g/(-12) + -1 + (-3511)/(-3) prime?
True
Let f(l) = 12432*l**2 - 16*l - 31. Is f(-2) composite?
True
Suppose -10*z = -6*z - 4. Let u = z + -1. Suppose u = r - 174 - 157. Is r a composite number?
False
Let l(i) = 3728*i**3 + i**2 + 32*i - 73. Is l(2) a composite number?
False
Is (((-7)/(-14))/((-10)/1110840))/(8/(-4)) composite?
True
Suppose 2*z - 648*q = -645*q + 421996, 2*z - 422026 = -2*q. Is z a prime number?
True
Suppose -42 = -4*q - 26. Suppose 21988 = 4*w - 4*m, w - m + 16507 = q*w. Is w prime?
True
Let a(b) = -1. Let d(z) = 540*z**2 - 11*z + 17. Let i(v) = -4*a(v) + d(v). Is i(2) prime?
False
Let q = -62113 - -242960. Is q composite?
False
Let h(c) = 43*c**3 + c**2 - 1. Let p be h(1). Suppose -12511 = -p*b + 12042. Is b a composite number?
False
Let n(s) = 12*s**3 - 18*s - 32*s - 35 + 51*s - 7*s**2 - 20*s. Is n(11) prime?
False
Let u(d) be the first derivative of -1/3*d**3 - 3 - 3*d + 64*d**4 + d**2. Is u(2) a prime number?
False
Let j = 2392136 - 1359349. Is j prime?
False
Is 74273 - (27 - (3 - -8)) a prime number?
True
Let y(b) = -15 - 14*b**2 + 55*b + 49*b - 3*b**3 - 99*b + b**3. Is y(-10) composite?
True
Let y = -756822 + 1312501. Is y a prime number?
False
Let c = -64 - -68. Let z be (-4*(-5)/c)/1. Suppose -m = -z*u - 1575, -m + 6266 = 3*m - 3*u. Is m a composite number?
True
Suppose -403885 = 6*a - 1891963. Suppose -447857 = -10*k + a. Is k a prime number?
False
Is (6/(-4))/(234/3666)*-4022 a prime number?
False
Let a = -76 + 97. Suppose -6*b - a = 15. Is ((-9688)/12)/(4/b) a composite number?
True
Let h(d) = 1130*d + 787. Is h(11) a prime number?
True
Suppose -10*q + 305773 = 3*q. Is q prime?
False
Let l be 8/6*((-9)/(-2))/1. Let a = l - -1340. Is a a prime number?
False
Suppose 2*t = -80*t + 3489182. Is t prime?
False
Let x(l) = 28*l**2 + 126*l + 1387. Is x(-12) a prime number?
True
Suppose 5*l + 4*u + 9 + 7 = 0, -4*l - 2*u = 8. Suppose 7*q - 4*q - 30 = l. Suppose -q*r + 20510 = -0*r. Is r a co